o) + 5*k(o). Let t be r(16). Calculate the highest common factor of t and 24.
12
Let u(x) = x - 3. Let g be u(-4). Let z be 0 + (-4 - g) - -9. Let v = 187 - 175. What is the highest common divisor of v and z?
12
Suppose -317 - 235 = -8*b. Let z = 30 + b. Calculate the greatest common factor of z and 22.
11
Let v(l) = -34*l. Let n be v(0). Suppose n - 1170 = -15*f. What is the highest common divisor of f and 12?
6
Suppose -27*s = 11*s - 380. Let a be (296/s)/(26/65). Calculate the highest common divisor of 555 and a.
37
Suppose -3*p + 2*o - o = 162, -o = -4*p - 216. Let n = -42 - p. Suppose 0*s + 4*s - 336 = 0. What is the highest common factor of s and n?
12
Let u = -8 + 13. Suppose u*w + 10 = 35. What is the highest common factor of 65 and w?
5
Let h be (13/4)/(-24 + 873/36). Let c be 58/(-3)*39/(-2). Calculate the highest common divisor of c and h.
13
Let a(l) = -140*l + 448. Let q be a(2). What is the greatest common factor of q and 88?
8
Suppose 5*f = 115 + 260. Let p(t) = 15*t**2 - 7*t - 6. Let s be p(-1). Suppose s*r = 13*r + f. Calculate the highest common factor of 225 and r.
25
Let v be 261*(-6)/18*-1. Calculate the highest common factor of v and 1827.
87
Let v be (4 + -2 + 0)/(-2) + 511. Suppose 28*z = v + 778. Calculate the greatest common factor of 575 and z.
23
Let v(s) = s**3 + 8*s**2 - 94*s + 197. Let l be v(3). Suppose 0 = -6*i + i + 3*k + 1622, -1590 = -5*i - 5*k. What is the highest common factor of i and l?
14
Suppose -4*a + 2*n = -30, 4*a - 24 - 21 = 5*n. Suppose j + j + 1830 = a*q, -3*j + 713 = 2*q. What is the highest common factor of 52 and q?
52
Suppose 2 - 6 = -w. Let n be -1 + (w - 2) - (7 - -114). Let f = 125 + n. What is the highest common factor of f and 5?
5
Let f = 6016 + -5948. What is the highest common divisor of f and 9384?
68
Suppose -5*k + 37474 = 2*h, -4*k + h - 12606 = -42606. What is the greatest common factor of 138 and k?
46
Let d = -496 + 931. Suppose 8*t - 3*t + 5*f = -d, 4 = -f. Let c = 89 + t. Calculate the greatest common divisor of c and 4.
2
Let k be (-5957)/(-42) - (125/(-30) - (-9 - -4)). Calculate the greatest common divisor of k and 25521.
141
Let l be (-5)/10*(-1 + -1). Let v be 34 - (-3 + 9/l). Suppose -4*r - 82 = -x, r + 35 = -x + 102. Calculate the greatest common divisor of x and v.
14
Let a = 4863 + -276. What is the greatest common factor of 33 and a?
33
Suppose -2*j - d = 22, -5*j - 54 = -d + 3*d. Let s = 1 - j. Let p = s + -1. What is the highest common factor of p and 5?
5
Suppose 0 = -2*j - 2*i + 242 - 84, 0 = 3*j + 5*i - 227. Calculate the greatest common divisor of 2163 and j.
21
Let x be 11*(6/(-2))/6*6720/(-880). What is the highest common factor of x and 204?
6
Let v(l) = 182*l + 1169. Let m be v(-6). What is the greatest common divisor of 264 and m?
11
Suppose -13*o = -668884 + 668741. Let r = 260 + 59. What is the highest common factor of o and r?
11
Let h be (-27)/((-135)/(-3070))*(16/(-2) + 1). Calculate the highest common factor of h and 14.
14
Let t(x) = -74*x**2 + 305*x - 1. Let f be t(3). Suppose p - 40 = 22. What is the highest common factor of p and f?
62
Let l = 38 - 47. Let f(j) = -j**3 - 6*j**2 + 20*j + 7. Let u be f(l). Suppose -14 = -4*m + 2*m. What is the highest common factor of u and m?
7
Let a be -2*7/2*-1. Suppose a*h + 73 = 374. What is the greatest common factor of 989 and h?
43
Suppose 0 = 3*s - 4*a - 2574, a = -5 + 2. What is the greatest common factor of s and 366?
122
Let o be 40/28 - (-1134)/98. Let x = -16 + 26. Let m be 128/x + (-1)/(-5). Calculate the greatest common divisor of o and m.
13
Let p be 0/((-3 - (-2 - -1))/(-2)). Let j(q) = -q**3 - 3*q**2 + 2*q + 5. Let k be j(p). What is the highest common factor of k and 95?
5
Let a be 0*7/(112/(-8)). Let s be 54/(5 - (a + 3)). What is the greatest common divisor of s and 33?
3
Suppose 16*u - 55*u = 33*u - 1584. Suppose -4*z = -335 + 115. Calculate the highest common divisor of z and u.
11
Let x = -23218 + 23270. Suppose 2*g = -l + 4*l + 535, l = g - 265. What is the greatest common divisor of g and x?
52
Let w be (-4 + (-40)/(-15) - (-85316)/42) + 7. Calculate the greatest common divisor of w and 1261.
97
Suppose 5*v + 5*d + 30 = 0, -2 = -5*d - 27. Let a be v + 54/4 + 7/14. Suppose 6*b + 182 - 1196 = 0. What is the greatest common divisor of a and b?
13
Let t(h) = -2*h**2 + 9*h - 4. Let b be (0 - -2)/(3/6). Let x be t(b). Let j(w) = w + 2. Let a be j(x). Calculate the highest common factor of a and 22.
2
Suppose 32 = 2*i + 28. Let v = 42 - 9. Let j = v + i. What is the greatest common divisor of j and 140?
35
Let s = -11440 - -11962. Calculate the greatest common divisor of s and 18.
18
Let z(n) = 226*n + 10. Let t be z(2). Let x(k) = 4*k**2 - 62*k + 34. Let u be x(16). What is the greatest common divisor of t and u?
66
Let j(k) = -k**3 + 6*k**2 + 3*k - 26. Let o be j(3). Let t be 1 + (-5)/(-10)*o. What is the highest common factor of t and 10?
2
Let g(d) = 3*d - 2. Let j be g(-2). Let b(p) = p**2 + 7*p + 3. Let s be b(j). Let w = 10 + s. What is the highest common factor of 7 and w?
7
Let p = 42 + -33. Suppose g - p = -2*h - 1, 0 = -2*g. Calculate the highest common divisor of 144 and h.
4
Suppose -2*u - 109 = 281. Let i = u + 307. Calculate the highest common divisor of 32 and i.
16
Suppose -12 = 4*t, t = -5*i + 129 + 13. Let a = 1171 - 1142. What is the greatest common factor of i and a?
29
Suppose 527 = 4*g + r, -3*g - 5*r - 269 = -5*g. Suppose n = 1 + 1. Let m be n*(3 + g/8) - 3. What is the highest common factor of m and 18?
18
Let u(p) = p**3 + 109*p**2 - 61*p + 6068. Let x be u(-110). What is the greatest common divisor of 3616 and x?
226
Let a = 9387 + -9372. Calculate the highest common factor of 25455 and a.
15
Suppose 0 = -2*q + 5*v + 1571, -5*q + 6*v + 2389 = -1493. What is the greatest common factor of q and 66?
6
Suppose 7*c - 6*c = -2*m - 1662, 4*m + 3324 = -c. Let u = m + 937. Calculate the greatest common factor of u and 583.
53
Let g(y) = -y**3 - 20*y**2 - 3*y - 49. Let w be g(-20). What is the greatest common divisor of w and 5599?
11
Let w be (-30)/9*(-21)/14. Suppose 38 = w*g - 112. Suppose -70 + 16 = -2*k + 4*v, -2*k + g = 4*v. Calculate the greatest common factor of k and 6.
3
Suppose -d = -l, 0*d - d + 20 = 4*l. Suppose 4 + 148 = d*j. Suppose 0 = -147*y + 153*y - 342. What is the highest common factor of j and y?
19
Let k = 3 + -46. Let g(i) = 3*i**2 + 4*i + 16. Let n be g(-5). Let f = n + k. What is the highest common factor of 224 and f?
28
Let c = -132 + 130. Let l be 20434/170 + (c - 18/(-10)). Calculate the greatest common divisor of 24 and l.
24
Suppose 60*n - 135 = 75*n. Let t(b) = 3*b**2 - b - 2. Let i be t(n). Calculate the highest common divisor of i and 25.
25
Let b(t) = -64*t - 42. Let j be b(7). Let x be ((-15)/(-25))/((-2)/j). Calculate the greatest common factor of 63 and x.
21
Suppose q - 2*o = 1921, 4*q + 5*o - 10622 = -3003. Calculate the greatest common factor of q and 78.
39
Suppose -3*q = -c + 4810, -3*c + 14538 = 7*q - 4*q. Calculate the greatest common factor of 14 and c.
7
Suppose 0 = p - 5 + 1, 4*p + 8 = z. Let i(w) = w**2 - w - 37. Let f be i(-6). Let v = 89 - f. Calculate the greatest common factor of z and v.
12
Suppose -3*z + 3*k + 567 = 0, -5*k = 79*z - 77*z - 343. Calculate the greatest common factor of 8 and z.
8
Let x(h) = 15*h - 35. Let o be x(7). Let c be (104/10)/((-4)/(-20)). Let q = o - c. Calculate the highest common factor of 126 and q.
18
Let g = 95 + -95. Suppose -4*m + m + 2*m = g. Let l be 42 + 17 + (m - (1 - -2)). Calculate the highest common factor of l and 7.
7
Let g = 9836 - 8453. Calculate the highest common divisor of 6 and g.
3
Suppose 3677*z = 3669*z + 328. Calculate the highest common divisor of 2501 and z.
41
Let r(p) = -2194*p + 2187*p + 17 + p**2 - 12 + 14. Let s be r(7). Calculate the greatest common factor of s and 266.
19
Let c be (-2125)/(-3400) - 171539/(-8). What is the highest common factor of 41 and c?
41
Let h(g) = -6*g**3 - 4*g**2 + 6*g + 3. Let q be h(-4). Let v(b) = -201*b + 6043. Let s be v(30). Calculate the highest common divisor of q and s.
13
Suppose -2*k = -3*z - 756, k + 748 = -5*z - 499. Let c = z - -265. What is the greatest common divisor of c and 45?
15
Let k(w) = -2*w**3 - w**2 - w + 6. Let